{"id":170,"date":"2023-10-30T20:12:41","date_gmt":"2023-10-30T20:12:41","guid":{"rendered":"https:\/\/efoesztarnai.hu\/?page_id=170"},"modified":"2023-10-30T23:45:42","modified_gmt":"2023-10-30T23:45:42","slug":"mvh","status":"publish","type":"page","link":"https:\/\/efoesztarnai.hu\/?page_id=170","title":{"rendered":"MVH"},"content":{"rendered":"\t\t<div data-elementor-type=\"wp-page\" data-elementor-id=\"170\" class=\"elementor elementor-170\" data-elementor-post-type=\"page\">\n\t\t\t\t<div class=\"elementor-element elementor-element-906fbe1 e-flex e-con-boxed e-con e-parent\" data-id=\"906fbe1\" data-element_type=\"container\">\n\t\t\t\t\t<div class=\"e-con-inner\">\n\t\t\t\t<div class=\"elementor-element elementor-element-dacd594 elementor-widget elementor-widget-text-editor\" data-id=\"dacd594\" data-element_type=\"widget\" data-widget_type=\"text-editor.default\">\n\t\t\t\t<div class=\"elementor-widget-container\">\n\t\t\t\t\t\t\t\t\t<p><span style=\"color: #000000;\"><strong>\u201eA vid\u00e9ki gazdas\u00e1g \u00e9s a lakoss\u00e1g sz\u00e1m\u00e1ra ny\u00fajtott alapszolg\u00e1ltat\u00e1sok fejleszt\u00e9s\u00e9re 2015-t\u0151l ig\u00e9nybe vehet\u0151 t\u00e1mogat\u00e1s \u2013 t\u00e1mogat\u00f3 szolg\u00e1ltat\u00e1s ind\u00edt\u00e1s\u00e1ra\u201d<\/strong><\/span><\/p><p><span style=\"color: #000000;\">A 8895352815 azonos\u00edt\u00f3 sz\u00e1m\u00fa t\u00e1mogat\u00e1si k\u00e9relem alapj\u00e1n, a programot a Mez\u0151gazdas\u00e1gi \u00e9s Vid\u00e9kfejleszt\u00e9si Hivatal biztos\u00edtja.<\/span><br \/><span style=\"color: #000000;\">A program honlapja:\u00a0<a style=\"color: #000000;\" href=\"https:\/\/web.archive.org\/web\/20230329211236\/http:\/\/www.mvh.gov.hu\/\">www.mvh.gov.hu<\/a><\/span><\/p>\t\t\t\t\t\t\t\t<\/div>\n\t\t\t\t<\/div>\n\t\t\t\t\t<\/div>\n\t\t\t\t<\/div>\n\t\t<div class=\"elementor-element elementor-element-c6c3ff8 e-flex e-con-boxed e-con e-parent\" data-id=\"c6c3ff8\" data-element_type=\"container\">\n\t\t\t\t\t<div class=\"e-con-inner\">\n\t\t\t\t<div class=\"elementor-element elementor-element-19a68fb elementor-widget elementor-widget-gallery\" data-id=\"19a68fb\" data-element_type=\"widget\" data-settings=\"{&quot;lazyload&quot;:&quot;yes&quot;,&quot;gallery_layout&quot;:&quot;grid&quot;,&quot;columns&quot;:4,&quot;columns_tablet&quot;:2,&quot;columns_mobile&quot;:1,&quot;gap&quot;:{&quot;unit&quot;:&quot;px&quot;,&quot;size&quot;:10,&quot;sizes&quot;:[]},&quot;gap_tablet&quot;:{&quot;unit&quot;:&quot;px&quot;,&quot;size&quot;:10,&quot;sizes&quot;:[]},&quot;gap_mobile&quot;:{&quot;unit&quot;:&quot;px&quot;,&quot;size&quot;:10,&quot;sizes&quot;:[]},&quot;link_to&quot;:&quot;file&quot;,&quot;aspect_ratio&quot;:&quot;3:2&quot;,&quot;overlay_background&quot;:&quot;yes&quot;,&quot;content_hover_animation&quot;:&quot;fade-in&quot;}\" data-widget_type=\"gallery.default\">\n\t\t\t\t<div class=\"elementor-widget-container\">\n\t\t\t\t\t\t\t<div class=\"elementor-gallery__container\">\n\t\t\t\t\t\t\t<a class=\"e-gallery-item elementor-gallery-item elementor-animated-content\" href=\"https:\/\/efoesztarnai.hu\/wp-content\/uploads\/2023\/10\/gk3.jpg\" data-elementor-open-lightbox=\"yes\" data-elementor-lightbox-slideshow=\"19a68fb\" data-elementor-lightbox-title=\"gk3\" data-e-action-hash=\"#elementor-action%3Aaction%3Dlightbox%26settings%3DeyJpZCI6MjQwLCJ1cmwiOiJodHRwczpcL1wvZWZvZXN6dGFybmFpLmh1XC93cC1jb250ZW50XC91cGxvYWRzXC8yMDIzXC8xMFwvZ2szLmpwZyIsInNsaWRlc2hvdyI6IjE5YTY4ZmIifQ%3D%3D\">\n\t\t\t\t\t<div class=\"e-gallery-image elementor-gallery-item__image\" data-thumbnail=\"https:\/\/efoesztarnai.hu\/wp-content\/uploads\/2023\/10\/gk3.jpg\" data-width=\"296\" data-height=\"222\" aria-label=\"\" role=\"img\" ><\/div>\n\t\t\t\t\t\t\t\t\t\t\t<div class=\"elementor-gallery-item__overlay\"><\/div>\n\t\t\t\t\t\t\t\t\t\t\t\t\t\t<\/a>\n\t\t\t\t\t\t\t<a class=\"e-gallery-item elementor-gallery-item elementor-animated-content\" href=\"https:\/\/efoesztarnai.hu\/wp-content\/uploads\/2023\/10\/gk10.jpg\" data-elementor-open-lightbox=\"yes\" data-elementor-lightbox-slideshow=\"19a68fb\" data-elementor-lightbox-title=\"gk10\" data-e-action-hash=\"#elementor-action%3Aaction%3Dlightbox%26settings%3DeyJpZCI6MjQxLCJ1cmwiOiJodHRwczpcL1wvZWZvZXN6dGFybmFpLmh1XC93cC1jb250ZW50XC91cGxvYWRzXC8yMDIzXC8xMFwvZ2sxMC5qcGciLCJzbGlkZXNob3ciOiIxOWE2OGZiIn0%3D\">\n\t\t\t\t\t<div class=\"e-gallery-image elementor-gallery-item__image\" data-thumbnail=\"https:\/\/efoesztarnai.hu\/wp-content\/uploads\/2023\/10\/gk10-300x225.jpg\" data-width=\"300\" data-height=\"225\" aria-label=\"\" role=\"img\" ><\/div>\n\t\t\t\t\t\t\t\t\t\t\t<div class=\"elementor-gallery-item__overlay\"><\/div>\n\t\t\t\t\t\t\t\t\t\t\t\t\t\t<\/a>\n\t\t\t\t\t\t\t<a class=\"e-gallery-item elementor-gallery-item elementor-animated-content\" href=\"https:\/\/efoesztarnai.hu\/wp-content\/uploads\/2023\/10\/kocsi.jpg\" data-elementor-open-lightbox=\"yes\" data-elementor-lightbox-slideshow=\"19a68fb\" data-elementor-lightbox-title=\"kocsi\" data-e-action-hash=\"#elementor-action%3Aaction%3Dlightbox%26settings%3DeyJpZCI6MjQyLCJ1cmwiOiJodHRwczpcL1wvZWZvZXN6dGFybmFpLmh1XC93cC1jb250ZW50XC91cGxvYWRzXC8yMDIzXC8xMFwva29jc2kuanBnIiwic2xpZGVzaG93IjoiMTlhNjhmYiJ9\">\n\t\t\t\t\t<div class=\"e-gallery-image elementor-gallery-item__image\" data-thumbnail=\"https:\/\/efoesztarnai.hu\/wp-content\/uploads\/2023\/10\/kocsi.jpg\" data-width=\"297\" data-height=\"223\" aria-label=\"\" role=\"img\" ><\/div>\n\t\t\t\t\t\t\t\t\t\t\t<div class=\"elementor-gallery-item__overlay\"><\/div>\n\t\t\t\t\t\t\t\t\t\t\t\t\t\t<\/a>\n\t\t\t\t\t<\/div>\n\t\t\t\t\t<\/div>\n\t\t\t\t<\/div>\n\t\t\t\t\t<\/div>\n\t\t\t\t<\/div>\n\t\t\t\t<\/div>\n\t\t","protected":false},"excerpt":{"rendered":"<p>\u201eA vid\u00e9ki gazdas\u00e1g \u00e9s a lakoss\u00e1g sz\u00e1m\u00e1ra ny\u00fajtott alapszolg\u00e1ltat\u00e1sok fejleszt\u00e9s\u00e9re 2015-t\u0151l ig\u00e9nybe vehet\u0151 t\u00e1mogat\u00e1s \u2013 t\u00e1mogat\u00f3 szolg\u00e1ltat\u00e1s ind\u00edt\u00e1s\u00e1ra\u201d A 8895352815 azonos\u00edt\u00f3 sz\u00e1m\u00fa t\u00e1mogat\u00e1si k\u00e9relem alapj\u00e1n, a programot a Mez\u0151gazdas\u00e1gi \u00e9s Vid\u00e9kfejleszt\u00e9si Hivatal biztos\u00edtja.A program honlapja:\u00a0www.mvh.gov.hu<\/p>\n","protected":false},"author":1,"featured_media":0,"parent":0,"menu_order":0,"comment_status":"closed","ping_status":"closed","template":"","meta":{"footnotes":""},"class_list":["post-170","page","type-page","status-publish","hentry"],"rttpg_featured_image_url":null,"rttpg_author":{"display_name":"admin","author_link":"https:\/\/efoesztarnai.hu\/?author=1"},"rttpg_comment":0,"rttpg_category":null,"rttpg_excerpt":"\u201eA vid\u00e9ki gazdas\u00e1g \u00e9s a lakoss\u00e1g sz\u00e1m\u00e1ra ny\u00fajtott alapszolg\u00e1ltat\u00e1sok fejleszt\u00e9s\u00e9re 2015-t\u0151l ig\u00e9nybe vehet\u0151 t\u00e1mogat\u00e1s \u2013 t\u00e1mogat\u00f3 szolg\u00e1ltat\u00e1s ind\u00edt\u00e1s\u00e1ra\u201d A 8895352815 azonos\u00edt\u00f3 sz\u00e1m\u00fa t\u00e1mogat\u00e1si k\u00e9relem alapj\u00e1n, a programot a Mez\u0151gazdas\u00e1gi \u00e9s Vid\u00e9kfejleszt\u00e9si Hivatal biztos\u00edtja.A program honlapja:\u00a0www.mvh.gov.hu","_links":{"self":[{"href":"https:\/\/efoesztarnai.hu\/index.php?rest_route=\/wp\/v2\/pages\/170","targetHints":{"allow":["GET"]}}],"collection":[{"href":"https:\/\/efoesztarnai.hu\/index.php?rest_route=\/wp\/v2\/pages"}],"about":[{"href":"https:\/\/efoesztarnai.hu\/index.php?rest_route=\/wp\/v2\/types\/page"}],"author":[{"embeddable":true,"href":"https:\/\/efoesztarnai.hu\/index.php?rest_route=\/wp\/v2\/users\/1"}],"replies":[{"embeddable":true,"href":"https:\/\/efoesztarnai.hu\/index.php?rest_route=%2Fwp%2Fv2%2Fcomments&post=170"}],"version-history":[{"count":7,"href":"https:\/\/efoesztarnai.hu\/index.php?rest_route=\/wp\/v2\/pages\/170\/revisions"}],"predecessor-version":[{"id":245,"href":"https:\/\/efoesztarnai.hu\/index.php?rest_route=\/wp\/v2\/pages\/170\/revisions\/245"}],"wp:attachment":[{"href":"https:\/\/efoesztarnai.hu\/index.php?rest_route=%2Fwp%2Fv2%2Fmedia&parent=170"}],"curies":[{"name":"wp","href":"https:\/\/api.w.org\/{rel}","templated":true}]}}