{"id":185,"date":"2023-10-30T20:15:54","date_gmt":"2023-10-30T20:15:54","guid":{"rendered":"https:\/\/efoesztarnai.hu\/?page_id=185"},"modified":"2023-10-31T00:12:17","modified_gmt":"2023-10-31T00:12:17","slug":"huro-1001-133-2-3-1","status":"publish","type":"page","link":"https:\/\/efoesztarnai.hu\/?page_id=185","title":{"rendered":"HURO\/1001\/133\/2.3.1"},"content":{"rendered":"\t\t<div data-elementor-type=\"wp-page\" data-elementor-id=\"185\" class=\"elementor elementor-185\" data-elementor-post-type=\"page\">\n\t\t\t\t<div class=\"elementor-element elementor-element-01d3dfd e-flex e-con-boxed e-con e-parent\" data-id=\"01d3dfd\" data-element_type=\"container\">\n\t\t\t\t\t<div class=\"e-con-inner\">\n\t\t\t\t<div class=\"elementor-element elementor-element-c233d76 elementor-widget elementor-widget-text-editor\" data-id=\"c233d76\" data-element_type=\"widget\" data-widget_type=\"text-editor.default\">\n\t\t\t\t<div class=\"elementor-widget-container\">\n\t\t\t\t\t\t\t\t\t<h4><span style=\"color: #000000;\"><strong><img decoding=\"async\" class=\"alignnone size-full wp-image-257\" src=\"https:\/\/efoesztarnai.hu\/wp-content\/uploads\/2023\/10\/huro_logo_hu.jpg\" alt=\"\" width=\"298\" height=\"70\" \/><\/strong><\/span><\/h4><h4><span style=\"color: #000000;\"><strong>J\u00f3 gyakorlat az \u00e9let kezdet\u00e9n &#8211; els\u0151 l\u00e9p\u00e9sek a fogyat\u00e9kos gyermekek fejleszt\u00e9s\u00e9ben<\/strong><\/span><\/h4><p><span style=\"color: #000000;\">Egyes\u00fclet\u00fcnk 2012. m\u00e1rcius 1-\u00e9n kezdte meg a \u201eJ\u00f3 gyakorlat az \u00e9let kezdet\u00e9n \u2013 els\u0151 l\u00e9p\u00e9sek a fogyat\u00e9kos gyermekek fejleszt\u00e9s\u00e9ben\u201d c\u00edm\u0171 Magyarorsz\u00e1g \u2013 Rom\u00e1nia hat\u00e1rmenti egy\u00fcttm\u0171k\u00f6d\u00e9si projektj\u00e9t Nagyk\u00e1roly \u00d6nkorm\u00e1nyzat\u00e1val k\u00f6z\u00f6sen.<\/span><\/p><p><span style=\"color: #000000;\">Az Eur\u00f3pai Uni\u00f3 oktat\u00e1spolitik\u00e1j\u00e1ban kiemelt szerephez jutott a kisgyermekkori nevel\u00e9s k\u00e9rd\u00e9se, melyet egys\u00e9ges szeml\u00e9letm\u00f3d szerint kezel, \u00f6tv\u00f6zve az oktat\u00e1si, nevel\u00e9si \u00e9s gondoz\u00e1si feladatokat. A f\u0151 elv, hogy az iskol\u00e1skor el\u0151tt az eg\u00e9szs\u00e9ges gyermekek, \u00e9s a s\u00e9r\u00fclt gyermekek is megkapj\u00e1k a k\u00e9pess\u00e9geiknek, k\u00e9szs\u00e9geiknek \u00e9s hi\u00e1nyoss\u00e1gaiknak megfelel\u0151 hat\u00e9kony gondoz\u00e1st. A fogyat\u00e9kos gyermekek es\u00e9lyegyenl\u0151s\u00e9ge az oktat\u00e1s ter\u00e9n szint\u00e9n kiemelt feladat. Az orsz\u00e1gos szint\u0171 c\u00e9lkit\u0171z\u00e9seket az orsz\u00e1gos fogyat\u00e9kos\u00fcgyi program tartalmazza, mely \u00f6sszhangban van az uni\u00f3s elk\u00e9pzel\u00e9sekkel.<\/span><br \/><span style=\"color: #000000;\">A projekt k\u00f6zvetlen kedvezm\u00e9nyezettjei azok a gy\u00f3gypedag\u00f3gusok, \u00f3vodapedag\u00f3gusok, \u00e9s seg\u00edt\u0151ik , akik r\u00e9szt vesznek a k\u00e9pz\u00e9sen, megl\u00e1togatj\u00e1k az \u00f3vod\u00e1ban \u00e9s az egyes\u00fclet foglalkoztat\u00f3 helyis\u00e9g\u00e9ben zajl\u00f3 ter\u00e1pi\u00e1s foglalkoz\u00e1sokat, \u00e9s ez\u00e1ltal \u00faj, \u00e9s hat\u00e9kony ismeretekre tesznek szert. 45 f\u0151 vesz r\u00e9szt a tev\u00e9kenys\u00e9gekben, akik k\u00f6lcs\u00f6n\u00f6sen seg\u00edtik egym\u00e1st a saj\u00e1t int\u00e9zm\u00e9ny\u00fckbe j\u00e1r\u00f3 gyermekek fejleszt\u00e9si gyakorlat\u00e1nak \u00e1tad\u00e1s\u00e1val, probl\u00e9m\u00e1ik megbesz\u00e9l\u00e9s\u00e9vel, \u00e9s k\u00f6z\u00f6s megold\u00e1sok keres\u00e9s\u00e9vel.<\/span><br \/><span style=\"color: #000000;\">Tov\u00e1bbi k\u00f6zvetlen kedvezm\u00e9nyezettek a k\u00e9pz\u00e9sen k\u00e9pz\u0151i szerepet v\u00e1llal\u00f3 gy\u00f3gypedag\u00f3gusok, akik a megszerzett kompetenci\u00e1ikkal tov\u00e1bbi k\u00e9pz\u00e9sek tart\u00e1s\u00e1ra is jogosultak lesznek.<\/span><br \/><span style=\"color: #000000;\">A k\u00f6zvetett kedvezm\u00e9nyezettek azok a gyermekek, akik a projektben r\u00e9sztvev\u0151 pedag\u00f3gusok, fejleszt\u0151 szakemberek gondoz\u00e1s\u00e1ban \u00e1llnak. Ez a k\u00e9t \u00f3voda speci\u00e1lis csoportj\u00e1ban, \u00e9s az egyes\u00fcletben fejleszt\u00e9sben r\u00e9szes\u00fcl\u0151 gyermekeket tekintve kb. 45 f\u0151 minden tan\u00e9vben. A projekt k\u00e9pz\u00e9s\u00e9n r\u00e9sztvev\u0151 pedag\u00f3gusok olyan \u00faj ismeretekkel gyarapodnak, mely a gyermekek k\u00e9pess\u00e9geik \u00e9s fogyat\u00e9koss\u00e1guk szerinti hat\u00e9konyabb fejleszt\u00e9s\u00e9t teszi lehet\u0151v\u00e9. K\u00f6zvetett kedvezm\u00e9nyezettnek tekinthetj\u00fck a gyermekek sz\u00fcleit is, akik a h\u00e9tk\u00f6znapi csal\u00e1di \u00e9let\u00fck sor\u00e1n tapasztalhatnak javul\u00e1st.<\/span><br \/><span style=\"color: #000000;\">A gy\u00f3gypedag\u00f3gusok \u00f6tleteket, tan\u00e1csokat adnak az otthoni gondoz\u00e1sra, j\u00e1t\u00e9kos fejleszt\u00e9sre, gyakorl\u00e1sra vonatkoz\u00f3an.<\/span><\/p><p><span style=\"color: #000000;\"><strong>PROJEKT EL\u0150REHALAD\u00c1S<\/strong><\/span><\/p><p><span style=\"color: #000000;\">Nyit\u00f3konferenci\u00e1t szervezt\u00fcnk, melyen a jelenl\u00e9v\u0151k el\u0151ad\u00e1sokat hallhattak a fogyat\u00e9kos gyermekek gondoz\u00e1s\u00e1nak, \u00f3vodai ell\u00e1t\u00e1s\u00e1nak f\u0151bb jellemz\u0151ir\u0151l, a magyarorsz\u00e1gi, \u00e9s a rom\u00e1niai tapasztalatokr\u00f3l.<\/span><\/p><p><span style=\"color: #000000;\"><img fetchpriority=\"high\" decoding=\"async\" class=\"alignnone size-medium wp-image-258\" src=\"https:\/\/efoesztarnai.hu\/wp-content\/uploads\/2023\/10\/4-300x225.jpg\" alt=\"\" width=\"300\" height=\"225\" \/><\/span><\/p><p><span style=\"color: #000000;\">Hospit\u00e1l\u00e1sok lebonyol\u00edt\u00e1sa t\u00f6rt\u00e9nt a nagyk\u00e1rolyi Caritas \u00d3vod\u00e1ban, valamint a ny\u00edregyh\u00e1zi Kereszt utcai \u00d3vod\u00e1ban, majd egy workshop rendez\u00e9se melyen megbesz\u00e9lhett\u00e9k a pedag\u00f3gusok a tapasztalataikat<\/span><\/p><p><span style=\"color: #000000;\"><img decoding=\"async\" class=\"alignnone size-medium wp-image-259\" src=\"https:\/\/efoesztarnai.hu\/wp-content\/uploads\/2023\/10\/kep1fw-300x186.jpg\" alt=\"\" width=\"300\" height=\"186\" \/><\/span><\/p><p><span style=\"color: #000000;\">K\u00e9pz\u00e9si tananyagot dolgoztunk ki, melynek alapj\u00e1t a Montessori pedag\u00f3gia elvei adt\u00e1k. Ez alapj\u00e1n az \u00f3v\u00f3n\u0151k megtanulhatj\u00e1k a Montessori elvei alapj\u00e1n, hogyan lehet term\u00e9szetes anyagokb\u00f3l, k\u00f6nnyen olyan fejleszt\u0151 eszk\u00f6z\u00f6ket is elk\u00e9sz\u00edteni, amit a mindennapi munk\u00e1jukban j\u00f3l fel tudnak haszn\u00e1lni.<\/span><\/p><p><span style=\"color: #000000;\">K\u00e9pz\u00e9s lebonyol\u00edt\u00e1sa, \u00f3vodapedag\u00f3gusok, gy\u00f3gypedag\u00f3gusok r\u00e9sz\u00e9re, ahol sok hasznos, \u00e9s \u00faj ismerettel gazdagodhattak a r\u00e9sztvev\u0151k.<\/span><\/p><p><span style=\"color: #000000;\">J\u00f3 gyakorlatok kidolgoz\u00e1sa, az \u00f3vodapedag\u00f3gusok mindennapi fejleszt\u0151 tev\u00e9kenys\u00e9g\u00e9nek seg\u00edt\u00e9se \u00e9rdek\u00e9ben m\u00f3dszereket \u00edrunk le, \u00e9s k\u00e9pen \u00e1br\u00e1zoljuk az egyszer\u0171en elk\u00e9sz\u00edthet\u0151 eszk\u00f6z\u00f6ket.<\/span><\/p><p>\u00a0<\/p><p><span style=\"color: #000000;\"><strong>SAJT\u00d3K\u00d6ZLEM\u00c9NY<\/strong><\/span><\/p><p><span style=\"color: #000000;\">A program honlapja a\u00a0<a style=\"color: #000000;\" href=\"https:\/\/web.archive.org\/web\/20230329211106\/http:\/\/www.huro-cbc.eu\/\" target=\"_blank\" rel=\"noopener noreferrer\">http:\/\/www.huro-cbc.eu\/<\/a>\u00a0c\u00edmen \u00e9rhet\u0151 el.<\/span><\/p><p><span style=\"color: #000000;\">Az \u00daj \u00c9FO\u00c9SZ Tarnai Ott\u00f3 Egyes\u00fclet 2012. m\u00e1rcius 1- \u00e9s november 29.k\u00f6z\u00f6tt val\u00e9s\u00edtotta meg a \u201eJ\u00f3 gyakorlat az \u00e9let kezdet\u00e9n \u2013 els\u0151 l\u00e9p\u00e9sek a fogyat\u00e9kos gyermekek fejleszt\u00e9s\u00e9ben\u201d c\u00edm\u0171 Magyarorsz\u00e1g \u2013 Rom\u00e1nia hat\u00e1rmenti egy\u00fcttm\u0171k\u00f6d\u00e9si projektj\u00e9t Nagyk\u00e1roly \u00d6nkorm\u00e1nyzat\u00e1val k\u00f6z\u00f6sen. A projekt megval\u00f3s\u00edt\u00e1s\u00e1t 54494 euroval finansz\u00edrozza az Eur\u00f3pai Uni\u00f3.<\/span><\/p><p><span style=\"color: #000000;\">Az Eur\u00f3pai Uni\u00f3 oktat\u00e1spolitik\u00e1j\u00e1ban kiemelt szerephez jutott a kisgyermekkori nevel\u00e9s k\u00e9rd\u00e9se, melyet egys\u00e9ges szeml\u00e9letm\u00f3d szerint kezel, \u00f6tv\u00f6zve az oktat\u00e1si, nevel\u00e9si \u00e9s gondoz\u00e1si feladatokat. A f\u0151 elv, hogy az iskol\u00e1skor el\u0151tt a fogyat\u00e9kos gyermekek is megkapj\u00e1k a k\u00e9pess\u00e9geiknek, k\u00e9szs\u00e9geiknek \u00e9s hi\u00e1nyoss\u00e1gaiknak megfelel\u0151 hat\u00e9kony gondoz\u00e1st.<\/span><br \/><span style=\"color: #000000;\">A gy\u00f3gypedag\u00f3gusok, \u00f3vodapedag\u00f3gusok, \u00e9s seg\u00edt\u0151ik, r\u00e9szt vettek k\u00e9pz\u00e9sen, megl\u00e1togatt\u00e1k az \u00f3vod\u00e1ban \u00e9s az egyes\u00fclet foglalkoztat\u00f3 helyis\u00e9g\u00e9ben zajl\u00f3 ter\u00e1pi\u00e1s foglalkoz\u00e1sokat, \u00faj, hat\u00e9kony ismeretekre tettek szert.<\/span><br \/><span style=\"color: #000000;\">K\u00e9pz\u00e9si tananyagot dolgoztunk ki, seg\u00e9danyagokat k\u00e9sz\u00edtett\u00fcnk &#8211; Montessori pedag\u00f3gia elvei alapj\u00e1n \u2013 mellyel az \u00f3v\u00f3n\u0151k mindennapi munk\u00e1j\u00e1t seg\u00edtj\u00fck.<\/span><br \/><span style=\"color: #000000;\">Jelen dokumentum tartalma nem felt\u00e9tlen\u00fcl t\u00fckr\u00f6zi az Eur\u00f3pai Uni\u00f3 hivatalos \u00e1ll\u00e1spontj\u00e1t.<\/span><\/p>\t\t\t\t\t\t\t\t<\/div>\n\t\t\t\t<\/div>\n\t\t\t\t\t<\/div>\n\t\t\t\t<\/div>\n\t\t\t\t<\/div>\n\t\t","protected":false},"excerpt":{"rendered":"<p>J\u00f3 gyakorlat az \u00e9let kezdet\u00e9n &#8211; els\u0151 l\u00e9p\u00e9sek a fogyat\u00e9kos gyermekek fejleszt\u00e9s\u00e9ben Egyes\u00fclet\u00fcnk 2012. m\u00e1rcius 1-\u00e9n kezdte meg a \u201eJ\u00f3 gyakorlat az \u00e9let kezdet\u00e9n \u2013 els\u0151 l\u00e9p\u00e9sek a fogyat\u00e9kos gyermekek fejleszt\u00e9s\u00e9ben\u201d c\u00edm\u0171 Magyarorsz\u00e1g \u2013 Rom\u00e1nia hat\u00e1rmenti egy\u00fcttm\u0171k\u00f6d\u00e9si projektj\u00e9t Nagyk\u00e1roly \u00d6nkorm\u00e1nyzat\u00e1val k\u00f6z\u00f6sen. Az Eur\u00f3pai Uni\u00f3 oktat\u00e1spolitik\u00e1j\u00e1ban kiemelt szerephez jutott a kisgyermekkori nevel\u00e9s k\u00e9rd\u00e9se, melyet egys\u00e9ges szeml\u00e9letm\u00f3d [&hellip;]<\/p>\n","protected":false},"author":1,"featured_media":0,"parent":0,"menu_order":0,"comment_status":"closed","ping_status":"closed","template":"","meta":{"footnotes":""},"class_list":["post-185","page","type-page","status-publish","hentry"],"rttpg_featured_image_url":null,"rttpg_author":{"display_name":"admin","author_link":"https:\/\/efoesztarnai.hu\/?author=1"},"rttpg_comment":0,"rttpg_category":null,"rttpg_excerpt":"J\u00f3 gyakorlat az \u00e9let kezdet\u00e9n &#8211; els\u0151 l\u00e9p\u00e9sek a fogyat\u00e9kos gyermekek fejleszt\u00e9s\u00e9ben Egyes\u00fclet\u00fcnk 2012. m\u00e1rcius 1-\u00e9n kezdte meg a \u201eJ\u00f3 gyakorlat az \u00e9let kezdet\u00e9n \u2013 els\u0151 l\u00e9p\u00e9sek a fogyat\u00e9kos gyermekek fejleszt\u00e9s\u00e9ben\u201d c\u00edm\u0171 Magyarorsz\u00e1g \u2013 Rom\u00e1nia hat\u00e1rmenti egy\u00fcttm\u0171k\u00f6d\u00e9si projektj\u00e9t Nagyk\u00e1roly \u00d6nkorm\u00e1nyzat\u00e1val k\u00f6z\u00f6sen. Az Eur\u00f3pai Uni\u00f3 oktat\u00e1spolitik\u00e1j\u00e1ban kiemelt szerephez jutott a kisgyermekkori nevel\u00e9s k\u00e9rd\u00e9se, melyet egys\u00e9ges szeml\u00e9letm\u00f3d&hellip;","_links":{"self":[{"href":"https:\/\/efoesztarnai.hu\/index.php?rest_route=\/wp\/v2\/pages\/185","targetHints":{"allow":["GET"]}}],"collection":[{"href":"https:\/\/efoesztarnai.hu\/index.php?rest_route=\/wp\/v2\/pages"}],"about":[{"href":"https:\/\/efoesztarnai.hu\/index.php?rest_route=\/wp\/v2\/types\/page"}],"author":[{"embeddable":true,"href":"https:\/\/efoesztarnai.hu\/index.php?rest_route=\/wp\/v2\/users\/1"}],"replies":[{"embeddable":true,"href":"https:\/\/efoesztarnai.hu\/index.php?rest_route=%2Fwp%2Fv2%2Fcomments&post=185"}],"version-history":[{"count":7,"href":"https:\/\/efoesztarnai.hu\/index.php?rest_route=\/wp\/v2\/pages\/185\/revisions"}],"predecessor-version":[{"id":263,"href":"https:\/\/efoesztarnai.hu\/index.php?rest_route=\/wp\/v2\/pages\/185\/revisions\/263"}],"wp:attachment":[{"href":"https:\/\/efoesztarnai.hu\/index.php?rest_route=%2Fwp%2Fv2%2Fmedia&parent=185"}],"curies":[{"name":"wp","href":"https:\/\/api.w.org\/{rel}","templated":true}]}}