{"id":371,"date":"2023-11-05T15:15:47","date_gmt":"2023-11-05T15:15:47","guid":{"rendered":"https:\/\/efoesztarnai.hu\/?page_id=371"},"modified":"2023-11-05T15:20:35","modified_gmt":"2023-11-05T15:20:35","slug":"szolgaltatasok","status":"publish","type":"page","link":"https:\/\/efoesztarnai.hu\/?page_id=371","title":{"rendered":"Szolg\u00e1ltat\u00e1sok"},"content":{"rendered":"\t\t<div data-elementor-type=\"wp-page\" data-elementor-id=\"371\" class=\"elementor elementor-371\" data-elementor-post-type=\"page\">\n\t\t\t\t<div class=\"elementor-element elementor-element-0b2573f e-flex e-con-boxed e-con e-parent\" data-id=\"0b2573f\" data-element_type=\"container\">\n\t\t\t\t\t<div class=\"e-con-inner\">\n\t\t\t\t<div class=\"elementor-element elementor-element-e3170c8 elementor-widget elementor-widget-text-editor\" data-id=\"e3170c8\" data-element_type=\"widget\" data-widget_type=\"text-editor.default\">\n\t\t\t\t<div class=\"elementor-widget-container\">\n\t\t\t\t\t\t\t\t\t<ul><li><span style=\"color: #000000;\">Inform\u00e1ci\u00f3ny\u00fajt\u00e1s (honlap, h\u00edrlev\u00e9l, kiadv\u00e1nyok)<\/span><\/li><li><span style=\"color: #000000;\">Jogi tan\u00e1csad\u00e1s<\/span><\/li><li><span style=\"color: #000000;\">A sz\u00fcks\u00e9gletek megold\u00e1s\u00e1hoz eg\u00e9szs\u00e9g\u00fcgyi, szoci\u00e1lis \u2013 \u00e9s jogi lehet\u0151s\u00e9gek felt\u00e1r\u00e1sa, \u00e9s \u00fcgyint\u00e9z\u00e9s<\/span><\/li><li><span style=\"color: #000000;\">A r\u00e1szorul\u00f3k t\u00e1rsadalmi integr\u00e1ci\u00f3j\u00e1nak el\u0151seg\u00edt\u00e9se<\/span><\/li><li><span style=\"color: #000000;\">Egy\u00e9ni \u00e9s csoportos fejleszt\u00e9s<\/span><\/li><li><span style=\"color: #000000;\">Ter\u00e1pi\u00e1s c\u00e9l\u00fa foglalkoztat\u00e1s<\/span><\/li><li><span style=\"color: #000000;\">Iskol\u00e1ra el\u0151k\u00e9sz\u00edt\u00e9s<\/span><\/li><li><span style=\"color: #000000;\">\u00c1llapot felm\u00e9r\u00e9sek<\/span><\/li><li><span style=\"color: #000000;\">Speci\u00e1lis k\u00e9pz\u00e9sek<\/span><\/li><li><span style=\"color: #000000;\">Iskola ut\u00e1ni k\u00f6z\u00f6ss\u00e9gi programok<\/span><\/li><li><span style=\"color: #000000;\">Munk\u00e1ra felk\u00e9sz\u00edt\u00e9s, munk\u00e1ba \u00e1ll\u00e1s el\u0151seg\u00edt\u00e9se<\/span><\/li><li><span style=\"color: #000000;\">Egy\u00fcttm\u0171k\u00f6d\u00e9s m\u00e1s civil szervezetekkel<\/span><\/li><li><span style=\"color: #000000;\">Egyes\u00fclet\u00fcnk bemutat\u00e1sa m\u00e9dia k\u00e9pvisel\u0151inek, \u00f6nkorm\u00e1nyzatoknak, szakembereknek, f\u0151iskolai, k\u00f6z\u00e9piskolai hallgat\u00f3knak<\/span><\/li><li><span style=\"color: #000000;\">K\u00e9pz\u00e9sek fogyat\u00e9kos \u00e9s speci\u00e1lis sz\u00fcks\u00e9glet\u0171 fiataloknak, seg\u00edt\u0151 szakembereknek, sz\u00fcl\u0151knek, csal\u00e1dtagoknak<\/span><\/li><\/ul>\t\t\t\t\t\t\t\t<\/div>\n\t\t\t\t<\/div>\n\t\t\t\t\t<\/div>\n\t\t\t\t<\/div>\n\t\t\t\t<\/div>\n\t\t","protected":false},"excerpt":{"rendered":"<p>Inform\u00e1ci\u00f3ny\u00fajt\u00e1s (honlap, h\u00edrlev\u00e9l, kiadv\u00e1nyok) Jogi tan\u00e1csad\u00e1s A sz\u00fcks\u00e9gletek megold\u00e1s\u00e1hoz eg\u00e9szs\u00e9g\u00fcgyi, szoci\u00e1lis \u2013 \u00e9s jogi lehet\u0151s\u00e9gek felt\u00e1r\u00e1sa, \u00e9s \u00fcgyint\u00e9z\u00e9s A r\u00e1szorul\u00f3k t\u00e1rsadalmi integr\u00e1ci\u00f3j\u00e1nak el\u0151seg\u00edt\u00e9se Egy\u00e9ni \u00e9s csoportos fejleszt\u00e9s Ter\u00e1pi\u00e1s c\u00e9l\u00fa foglalkoztat\u00e1s Iskol\u00e1ra el\u0151k\u00e9sz\u00edt\u00e9s \u00c1llapot felm\u00e9r\u00e9sek Speci\u00e1lis k\u00e9pz\u00e9sek Iskola ut\u00e1ni k\u00f6z\u00f6ss\u00e9gi programok Munk\u00e1ra felk\u00e9sz\u00edt\u00e9s, munk\u00e1ba \u00e1ll\u00e1s el\u0151seg\u00edt\u00e9se Egy\u00fcttm\u0171k\u00f6d\u00e9s m\u00e1s civil szervezetekkel Egyes\u00fclet\u00fcnk bemutat\u00e1sa m\u00e9dia k\u00e9pvisel\u0151inek, \u00f6nkorm\u00e1nyzatoknak, szakembereknek, [&hellip;]<\/p>\n","protected":false},"author":1,"featured_media":0,"parent":0,"menu_order":0,"comment_status":"closed","ping_status":"closed","template":"","meta":{"footnotes":""},"class_list":["post-371","page","type-page","status-publish","hentry"],"rttpg_featured_image_url":null,"rttpg_author":{"display_name":"admin","author_link":"https:\/\/efoesztarnai.hu\/?author=1"},"rttpg_comment":0,"rttpg_category":null,"rttpg_excerpt":"Inform\u00e1ci\u00f3ny\u00fajt\u00e1s (honlap, h\u00edrlev\u00e9l, kiadv\u00e1nyok) Jogi tan\u00e1csad\u00e1s A sz\u00fcks\u00e9gletek megold\u00e1s\u00e1hoz eg\u00e9szs\u00e9g\u00fcgyi, szoci\u00e1lis \u2013 \u00e9s jogi lehet\u0151s\u00e9gek felt\u00e1r\u00e1sa, \u00e9s \u00fcgyint\u00e9z\u00e9s A r\u00e1szorul\u00f3k t\u00e1rsadalmi integr\u00e1ci\u00f3j\u00e1nak el\u0151seg\u00edt\u00e9se Egy\u00e9ni \u00e9s csoportos fejleszt\u00e9s Ter\u00e1pi\u00e1s c\u00e9l\u00fa foglalkoztat\u00e1s Iskol\u00e1ra el\u0151k\u00e9sz\u00edt\u00e9s \u00c1llapot felm\u00e9r\u00e9sek Speci\u00e1lis k\u00e9pz\u00e9sek Iskola ut\u00e1ni k\u00f6z\u00f6ss\u00e9gi programok Munk\u00e1ra felk\u00e9sz\u00edt\u00e9s, munk\u00e1ba \u00e1ll\u00e1s el\u0151seg\u00edt\u00e9se Egy\u00fcttm\u0171k\u00f6d\u00e9s m\u00e1s civil szervezetekkel Egyes\u00fclet\u00fcnk bemutat\u00e1sa m\u00e9dia k\u00e9pvisel\u0151inek, \u00f6nkorm\u00e1nyzatoknak, szakembereknek,&hellip;","_links":{"self":[{"href":"https:\/\/efoesztarnai.hu\/index.php?rest_route=\/wp\/v2\/pages\/371","targetHints":{"allow":["GET"]}}],"collection":[{"href":"https:\/\/efoesztarnai.hu\/index.php?rest_route=\/wp\/v2\/pages"}],"about":[{"href":"https:\/\/efoesztarnai.hu\/index.php?rest_route=\/wp\/v2\/types\/page"}],"author":[{"embeddable":true,"href":"https:\/\/efoesztarnai.hu\/index.php?rest_route=\/wp\/v2\/users\/1"}],"replies":[{"embeddable":true,"href":"https:\/\/efoesztarnai.hu\/index.php?rest_route=%2Fwp%2Fv2%2Fcomments&post=371"}],"version-history":[{"count":4,"href":"https:\/\/efoesztarnai.hu\/index.php?rest_route=\/wp\/v2\/pages\/371\/revisions"}],"predecessor-version":[{"id":375,"href":"https:\/\/efoesztarnai.hu\/index.php?rest_route=\/wp\/v2\/pages\/371\/revisions\/375"}],"wp:attachment":[{"href":"https:\/\/efoesztarnai.hu\/index.php?rest_route=%2Fwp%2Fv2%2Fmedia&parent=371"}],"curies":[{"name":"wp","href":"https:\/\/api.w.org\/{rel}","templated":true}]}}